7, 1423
List the prime factors of 543470.
2, 5, 54347
List the prime factors of 522815.
5, 31, 3373
What are the prime factors of 128152?
2, 83, 193
What are the prime factors of 17446855?
5, 3489371
What are the prime factors of 5451030?
2, 3, 5, 13, 1553
List the prime factors of 4869452.
2, 7, 173909
List the prime factors of 1832886.
2, 3, 11, 9257
List the prime factors of 134118.
2, 3, 7451
What are the prime factors of 11646240?
2, 3, 5, 19, 1277
List the prime factors of 130800.
2, 3, 5, 109
What are the prime factors of 56745?
3, 5, 13, 97
List the prime factors of 10758865.
5, 13, 103, 1607
List the prime factors of 5823450.
2, 3, 5, 12941
What are the prime factors of 1681315?
5, 336263
List the prime factors of 2565156.
2, 3, 11, 19433
What are the prime factors of 419534?
2, 209767
List the prime factors of 2130614.
2, 1065307
List the prime factors of 16162983.
3, 383, 521
What are the prime factors of 1017248?
2, 83, 383
List the prime factors of 19346306.
2, 7, 17, 29, 2803
List the prime factors of 2958405.
3, 5, 167, 1181
What are the prime factors of 17175457?
13, 17, 23, 31, 109
List the prime factors of 1367016.
2, 3, 7, 79, 103
List the prime factors of 199239.
3, 66413
What are the prime factors of 3417045?
3, 5, 107, 2129
List the prime factors of 5416538.
2, 43, 62983
What are the prime factors of 11681753?
911, 12823
What are the prime factors of 1420340?
2, 5, 47, 1511
What are the prime factors of 5143062?
2, 3, 107, 8011
What are the prime factors of 5169320?
2, 5, 13, 9941
What are the prime factors of 550765?
5, 59, 1867
What are the prime factors of 1063628?
2, 139, 1913
List the prime factors of 11558410.
2, 5, 1155841
List the prime factors of 8635489.
547, 15787
List the prime factors of 8445020.
2, 5, 31, 53, 257
What are the prime factors of 43679?
31, 1409
What are the prime factors of 1025201?
31, 33071
What are the prime factors of 7260191?
7260191
What are the prime factors of 3514343?
7, 89, 5641
List the prime factors of 380263.
13, 29251
What are the prime factors of 7065999?
3, 17, 46183
List the prime factors of 8074126.
2, 19, 53, 211
List the prime factors of 1046849.
1046849
What are the prime factors of 636545?
5, 7, 13, 1399
List the prime factors of 1153310.
2, 5, 115331
List the prime factors of 224881.
224881
List the prime factors of 1262317.
7, 180331
List the prime factors of 223199.
61, 3659
List the prime factors of 247678.
2, 37, 3347
List the prime factors of 123196.
2, 19, 1621
What are the prime factors of 253936?
2, 59, 269
What are the prime factors of 212660?
2, 5, 7, 31
What are the prime factors of 1535235?
3, 5, 13, 7873
List the prime factors of 15741.
3, 11, 53
What are the prime factors of 1470145?
5, 294029
List the prime factors of 477363.
3, 41, 3881
List the prime factors of 5588659.
373, 14983
List the prime factors of 1073631.
3, 13, 27529
List the prime factors of 429390.
2, 3, 5, 13, 367
List the prime factors of 5132967.
3, 7, 61, 4007
What are the prime factors of 11058195?
3, 5, 181, 4073
List the prime factors of 2460737.
29, 53, 1601
List the prime factors of 210574.
2, 7, 13, 89
List the prime factors of 519681.
3, 311, 557
List the prime factors of 75264.
2, 3, 7
List the prime factors of 1024025.
5, 40961
List the prime factors of 84208.
2, 19, 277
List the prime factors of 4095490.
2, 5, 7, 41, 1427
What are the prime factors of 8372038?
2, 4186019
List the prime factors of 4465085.
5, 31, 28807
What are the prime factors of 1518175?
5, 60727
What are the prime factors of 17962?
2, 7, 1283
What are the prime factors of 27887847?
3, 13, 715073
List the prime factors of 12011188.
2, 7, 149, 2879
What are the prime factors of 3068482?
2, 73, 21017
What are the prime factors of 2165378?
2, 61, 17749
What are the prime factors of 279560?
2, 5, 29, 241
List the prime factors of 1517666.
2, 37, 20509
List the prime factors of 191227.
191227
List the prime factors of 1039254.
2, 3, 173209
What are the prime factors of 15034562?
2, 17, 442193
List the prime factors of 13237625.
5, 137, 773
List the prime factors of 893189.
11, 81199
What are the prime factors of 451185?
3, 5, 7, 4297
List the prime factors of 4879723.
1031, 4733
List the prime factors of 3380942.
2, 41, 41231
List the prime factors of 1370671.
41, 101, 331
What are the prime factors of 183016?
2, 22877
What are the prime factors of 11449809?
3, 7, 29, 2089
What are the prime factors of 2065657?
11, 187787
List the prime factors of 2942679.
3, 980893
List the prime factors of 26666037.
3, 987631
What are the prime factors of 852858?
2, 3, 47381
List the prime factors of 7920864.
2, 3, 7, 3929
List the prime factors of 479083.
11, 97, 449
What are the prime factors of 1735440?
2, 3, 5, 7, 1033
What are the prime factors of 495556?
2, 229, 541
What are the prime factors of 4576904?
2, 67, 8539
List the prime factors of 12495229.
1997, 6257
What are the prime factors of 45028?
2, 11257
List the prime factors of 417491.
417491
List the prime factors of 233273.
479, 487
List the prime factors of 651438.
2, 3, 36191
What are the prime factors of 2518403?
271, 9293
List the prime factors of 4412910.
2, 3, 5, 147097
What are the prime factors of 21173927?
21173927
What are the prime factors of 191895?
3, 5, 11, 1163
List the prime factors of 369492.
2, 3, 41, 751
List the prime factors of 128551.
128551
List the prime factors of 1994673.
3, 664891
What are the prime factors of 262135?
5, 103, 509
List the prime factors of 683762.
2, 29, 11789
What are the prime factors of 2915314?
2, 43, 109, 311
List the prime factors of 15769290.
2, 3, 5, 97, 5419
What are the prime factors of 62752?
2, 37, 53
What are the prime factors of 1190718?
2, 3, 83, 797
List the prime factors of 1801938.
2, 3, 300323
What are the prime factors of 11470366?
2, 53, 108211
List the prime factors of 86488.
2, 19, 569
List the prime factors of 18722148.
2, 3, 37, 149, 283
What are the prime factors of 6851159?
7, 409, 2393
What are the prime factors of 51589?
23, 2243
List the prime factors of 1028476.
2, 223, 1153
List the prime factors of 2382242.
2, 47, 25343
What are the prime factors of 9381?
3, 53, 59
List the prime factors of 4040057.
7, 577151
What are the prime factors of 10298833?
233, 44201
List the prime factors of 761544.
2, 3, 7, 1511
List the prime factors of 29975.
5, 11, 109
List the prime factors of 2325331.
139, 16729
List the prime factors of 3459398.
2, 17, 101747
List the prime factors of 59172.
2, 3, 4931
List the prime factors of 208956.
2, 3, 11, 1583
List the prime factors of 795243.
3, 17, 31, 503
What are the prime factors of 990049?
179, 5531
List the prime factors of 219364.
2, 173, 317
List the prime factors of 11380467.
3, 7, 541927
What are the prime factors of 2793093?
3, 37, 25163
List the prime factors of 382078.
2, 191039
What are the prime factors of 11353516?
2, 769, 3691
What are the prime factors of 485418?
2, 3, 17, 4759
List the prime factors of 1097579.
7, 156797
What are the prime factors of 1561703?
11, 13, 67, 163
List the prime factors of 9262017.
3, 1029113
List the prime factors of 434541.
3, 144847
What are the prime factors of 6031566?
2, 3, 17, 23, 857
What are the prime factors of 343610?
2, 5, 34361
What are the prime factors of 1974157?
19, 103903
What are the prime factors of 4226980?
2, 5, 211349
List the prime factors of 3972497.
67, 211, 281
What are the prime factors of 520146?
2, 3, 11, 37, 71
List the prime factors of 5030243.
61, 82463
What are the prime factors of 2362416?
2, 3, 7, 79, 89
List the prime factors of 11027817.
3, 997, 1229
List the prime factors of 7188564.
2, 3, 67, 8941
List the prime factors of 7623514.
2, 17, 224221
List the prime factors of 5261537.
19, 31, 8933
What are the prime factors of 5327330?
2, 5, 532733
What are the prime factors of 8908387?
67, 132961
What are the prime factors of 3218?
2, 1609
List the prime factors of 33562335.
3, 5, 17, 131617
List the prime factors of 21067371.
3, 13, 19
List the prime factors of 7965111.
3, 7, 11, 29, 41
What are the prime factors of 2386423?
13, 183571
List the prime factors of 4433143.
11, 13, 29, 1069
What are the prime factors of 1168450?
2, 5, 23369
List the prime factors of 845752.
2, 71, 148